{"id":27,"date":"2018-06-25T09:36:17","date_gmt":"2018-06-25T07:36:17","guid":{"rendered":"http:\/\/neptun-freizeitanlagen.de\/?page_id=27"},"modified":"2022-11-02T13:47:22","modified_gmt":"2022-11-02T12:47:22","slug":"galerie","status":"publish","type":"page","link":"https:\/\/neptun-freizeitanlagen.de\/Pool-Sauna-Teich\/galerie\/","title":{"rendered":"Galerie"},"content":{"rendered":"\n<h2 class=\"wp-block-heading\">und Referenzen unserer bisherigen Projekte<\/h2>\n\n\n\n<hr class=\"wp-block-separator has-alpha-channel-opacity\"\/>\n\n\n\n<p>\u00dcberzeugen Sie sich von unserer Ideenvielfalt und Kreativit\u00e4t anhand von unseren bisherigen durchgef\u00fchrten Arbeiten. Vielleicht sind Sie auch bald gl\u00fccklicher Besitzer Ihrer neuen Wolf\u00fchl-Oase.<\/p>\n\n\n\n<figure class=\"wp-block-gallery has-nested-images columns-5 is-cropped wp-block-gallery-1 is-layout-flex wp-block-gallery-is-layout-flex\">\n<figure class=\"wp-block-image size-large\"><a href=\"https:\/\/neptun-freizeitanlagen.de\/Pool-Sauna-Teich\/wp-content\/uploads\/referenzen26.jpg\" target=\"_blank\" rel=\"noopener\"><img loading=\"lazy\" decoding=\"async\" width=\"1000\" height=\"667\" data-id=\"298\" src=\"https:\/\/neptun-freizeitanlagen.de\/Pool-Sauna-Teich\/wp-content\/uploads\/referenzen26.jpg\" alt=\"\" class=\"wp-image-298\" srcset=\"https:\/\/neptun-freizeitanlagen.de\/Pool-Sauna-Teich\/wp-content\/uploads\/referenzen26.jpg 1000w, https:\/\/neptun-freizeitanlagen.de\/Pool-Sauna-Teich\/wp-content\/uploads\/referenzen26-300x200.jpg 300w, https:\/\/neptun-freizeitanlagen.de\/Pool-Sauna-Teich\/wp-content\/uploads\/referenzen26-768x512.jpg 768w\" sizes=\"auto, (max-width: 1000px) 100vw, 1000px\" \/><\/a><\/figure>\n\n\n\n<figure class=\"wp-block-image size-large\"><a href=\"https:\/\/neptun-freizeitanlagen.de\/Pool-Sauna-Teich\/wp-content\/uploads\/referenzen25.jpg\" target=\"_blank\" rel=\"noopener\"><img loading=\"lazy\" decoding=\"async\" width=\"1000\" height=\"667\" data-id=\"297\" src=\"https:\/\/neptun-freizeitanlagen.de\/Pool-Sauna-Teich\/wp-content\/uploads\/referenzen25.jpg\" alt=\"\" class=\"wp-image-297\" srcset=\"https:\/\/neptun-freizeitanlagen.de\/Pool-Sauna-Teich\/wp-content\/uploads\/referenzen25.jpg 1000w, https:\/\/neptun-freizeitanlagen.de\/Pool-Sauna-Teich\/wp-content\/uploads\/referenzen25-300x200.jpg 300w, https:\/\/neptun-freizeitanlagen.de\/Pool-Sauna-Teich\/wp-content\/uploads\/referenzen25-768x512.jpg 768w\" sizes=\"auto, (max-width: 1000px) 100vw, 1000px\" \/><\/a><\/figure>\n\n\n\n<figure class=\"wp-block-image size-large\"><a href=\"https:\/\/neptun-freizeitanlagen.de\/Pool-Sauna-Teich\/wp-content\/uploads\/referenzen24.jpg\" target=\"_blank\" rel=\"noopener\"><img loading=\"lazy\" decoding=\"async\" width=\"1000\" height=\"667\" data-id=\"296\" src=\"https:\/\/neptun-freizeitanlagen.de\/Pool-Sauna-Teich\/wp-content\/uploads\/referenzen24.jpg\" alt=\"\" class=\"wp-image-296\" srcset=\"https:\/\/neptun-freizeitanlagen.de\/Pool-Sauna-Teich\/wp-content\/uploads\/referenzen24.jpg 1000w, https:\/\/neptun-freizeitanlagen.de\/Pool-Sauna-Teich\/wp-content\/uploads\/referenzen24-300x200.jpg 300w, https:\/\/neptun-freizeitanlagen.de\/Pool-Sauna-Teich\/wp-content\/uploads\/referenzen24-768x512.jpg 768w\" sizes=\"auto, (max-width: 1000px) 100vw, 1000px\" \/><\/a><\/figure>\n\n\n\n<figure class=\"wp-block-image size-large\"><a href=\"https:\/\/neptun-freizeitanlagen.de\/Pool-Sauna-Teich\/wp-content\/uploads\/referenzen23.jpg\" target=\"_blank\" rel=\"noopener\"><img loading=\"lazy\" decoding=\"async\" width=\"1000\" height=\"667\" data-id=\"295\" src=\"https:\/\/neptun-freizeitanlagen.de\/Pool-Sauna-Teich\/wp-content\/uploads\/referenzen23.jpg\" alt=\"\" class=\"wp-image-295\" srcset=\"https:\/\/neptun-freizeitanlagen.de\/Pool-Sauna-Teich\/wp-content\/uploads\/referenzen23.jpg 1000w, https:\/\/neptun-freizeitanlagen.de\/Pool-Sauna-Teich\/wp-content\/uploads\/referenzen23-300x200.jpg 300w, https:\/\/neptun-freizeitanlagen.de\/Pool-Sauna-Teich\/wp-content\/uploads\/referenzen23-768x512.jpg 768w\" sizes=\"auto, (max-width: 1000px) 100vw, 1000px\" \/><\/a><\/figure>\n\n\n\n<figure class=\"wp-block-image size-large\"><a href=\"https:\/\/neptun-freizeitanlagen.de\/Pool-Sauna-Teich\/wp-content\/uploads\/referenzen22.jpg\" target=\"_blank\" rel=\"noopener\"><img loading=\"lazy\" decoding=\"async\" width=\"1000\" height=\"667\" data-id=\"294\" src=\"https:\/\/neptun-freizeitanlagen.de\/Pool-Sauna-Teich\/wp-content\/uploads\/referenzen22.jpg\" alt=\"\" class=\"wp-image-294\" srcset=\"https:\/\/neptun-freizeitanlagen.de\/Pool-Sauna-Teich\/wp-content\/uploads\/referenzen22.jpg 1000w, https:\/\/neptun-freizeitanlagen.de\/Pool-Sauna-Teich\/wp-content\/uploads\/referenzen22-300x200.jpg 300w, https:\/\/neptun-freizeitanlagen.de\/Pool-Sauna-Teich\/wp-content\/uploads\/referenzen22-768x512.jpg 768w\" sizes=\"auto, (max-width: 1000px) 100vw, 1000px\" \/><\/a><\/figure>\n\n\n\n<figure class=\"wp-block-image size-large\"><a href=\"https:\/\/neptun-freizeitanlagen.de\/Pool-Sauna-Teich\/wp-content\/uploads\/referenzen21.jpg\" target=\"_blank\" rel=\"noopener\"><img loading=\"lazy\" decoding=\"async\" width=\"1000\" height=\"667\" data-id=\"293\" src=\"https:\/\/neptun-freizeitanlagen.de\/Pool-Sauna-Teich\/wp-content\/uploads\/referenzen21.jpg\" alt=\"\" class=\"wp-image-293\" srcset=\"https:\/\/neptun-freizeitanlagen.de\/Pool-Sauna-Teich\/wp-content\/uploads\/referenzen21.jpg 1000w, https:\/\/neptun-freizeitanlagen.de\/Pool-Sauna-Teich\/wp-content\/uploads\/referenzen21-300x200.jpg 300w, https:\/\/neptun-freizeitanlagen.de\/Pool-Sauna-Teich\/wp-content\/uploads\/referenzen21-768x512.jpg 768w\" sizes=\"auto, (max-width: 1000px) 100vw, 1000px\" \/><\/a><\/figure>\n\n\n\n<figure class=\"wp-block-image size-large\"><a href=\"https:\/\/neptun-freizeitanlagen.de\/Pool-Sauna-Teich\/wp-content\/uploads\/referenzen20.jpg\" target=\"_blank\" rel=\"noopener\"><img loading=\"lazy\" decoding=\"async\" width=\"1000\" height=\"667\" data-id=\"292\" src=\"https:\/\/neptun-freizeitanlagen.de\/Pool-Sauna-Teich\/wp-content\/uploads\/referenzen20.jpg\" alt=\"\" class=\"wp-image-292\" srcset=\"https:\/\/neptun-freizeitanlagen.de\/Pool-Sauna-Teich\/wp-content\/uploads\/referenzen20.jpg 1000w, https:\/\/neptun-freizeitanlagen.de\/Pool-Sauna-Teich\/wp-content\/uploads\/referenzen20-300x200.jpg 300w, https:\/\/neptun-freizeitanlagen.de\/Pool-Sauna-Teich\/wp-content\/uploads\/referenzen20-768x512.jpg 768w\" sizes=\"auto, (max-width: 1000px) 100vw, 1000px\" \/><\/a><\/figure>\n\n\n\n<figure class=\"wp-block-image size-large\"><a href=\"https:\/\/neptun-freizeitanlagen.de\/Pool-Sauna-Teich\/wp-content\/uploads\/referenzen19.jpg\" target=\"_blank\" rel=\"noopener\"><img loading=\"lazy\" decoding=\"async\" width=\"1000\" height=\"667\" data-id=\"291\" src=\"https:\/\/neptun-freizeitanlagen.de\/Pool-Sauna-Teich\/wp-content\/uploads\/referenzen19.jpg\" alt=\"\" class=\"wp-image-291\" srcset=\"https:\/\/neptun-freizeitanlagen.de\/Pool-Sauna-Teich\/wp-content\/uploads\/referenzen19.jpg 1000w, https:\/\/neptun-freizeitanlagen.de\/Pool-Sauna-Teich\/wp-content\/uploads\/referenzen19-300x200.jpg 300w, https:\/\/neptun-freizeitanlagen.de\/Pool-Sauna-Teich\/wp-content\/uploads\/referenzen19-768x512.jpg 768w\" sizes=\"auto, (max-width: 1000px) 100vw, 1000px\" \/><\/a><\/figure>\n\n\n\n<figure class=\"wp-block-image size-large\"><a href=\"https:\/\/neptun-freizeitanlagen.de\/Pool-Sauna-Teich\/wp-content\/uploads\/referenzen18.jpg\" target=\"_blank\" rel=\"noopener\"><img loading=\"lazy\" decoding=\"async\" width=\"1000\" height=\"667\" data-id=\"290\" src=\"https:\/\/neptun-freizeitanlagen.de\/Pool-Sauna-Teich\/wp-content\/uploads\/referenzen18.jpg\" alt=\"\" class=\"wp-image-290\" srcset=\"https:\/\/neptun-freizeitanlagen.de\/Pool-Sauna-Teich\/wp-content\/uploads\/referenzen18.jpg 1000w, https:\/\/neptun-freizeitanlagen.de\/Pool-Sauna-Teich\/wp-content\/uploads\/referenzen18-300x200.jpg 300w, https:\/\/neptun-freizeitanlagen.de\/Pool-Sauna-Teich\/wp-content\/uploads\/referenzen18-768x512.jpg 768w\" sizes=\"auto, (max-width: 1000px) 100vw, 1000px\" \/><\/a><\/figure>\n\n\n\n<figure class=\"wp-block-image size-large\"><a href=\"https:\/\/neptun-freizeitanlagen.de\/Pool-Sauna-Teich\/wp-content\/uploads\/referenzen09.jpg\" target=\"_blank\" rel=\"noopener\"><img loading=\"lazy\" decoding=\"async\" width=\"1000\" height=\"667\" data-id=\"281\" src=\"https:\/\/neptun-freizeitanlagen.de\/Pool-Sauna-Teich\/wp-content\/uploads\/referenzen09.jpg\" alt=\"\" class=\"wp-image-281\" srcset=\"https:\/\/neptun-freizeitanlagen.de\/Pool-Sauna-Teich\/wp-content\/uploads\/referenzen09.jpg 1000w, https:\/\/neptun-freizeitanlagen.de\/Pool-Sauna-Teich\/wp-content\/uploads\/referenzen09-300x200.jpg 300w, https:\/\/neptun-freizeitanlagen.de\/Pool-Sauna-Teich\/wp-content\/uploads\/referenzen09-768x512.jpg 768w\" sizes=\"auto, (max-width: 1000px) 100vw, 1000px\" \/><\/a><\/figure>\n\n\n\n<figure class=\"wp-block-image size-large\"><a href=\"https:\/\/neptun-freizeitanlagen.de\/Pool-Sauna-Teich\/wp-content\/uploads\/referenzen10.jpg\" target=\"_blank\" rel=\"noopener\"><img loading=\"lazy\" decoding=\"async\" width=\"1000\" height=\"667\" data-id=\"282\" src=\"https:\/\/neptun-freizeitanlagen.de\/Pool-Sauna-Teich\/wp-content\/uploads\/referenzen10.jpg\" alt=\"\" class=\"wp-image-282\" srcset=\"https:\/\/neptun-freizeitanlagen.de\/Pool-Sauna-Teich\/wp-content\/uploads\/referenzen10.jpg 1000w, https:\/\/neptun-freizeitanlagen.de\/Pool-Sauna-Teich\/wp-content\/uploads\/referenzen10-300x200.jpg 300w, https:\/\/neptun-freizeitanlagen.de\/Pool-Sauna-Teich\/wp-content\/uploads\/referenzen10-768x512.jpg 768w\" sizes=\"auto, (max-width: 1000px) 100vw, 1000px\" \/><\/a><\/figure>\n\n\n\n<figure class=\"wp-block-image size-large\"><a href=\"https:\/\/neptun-freizeitanlagen.de\/Pool-Sauna-Teich\/wp-content\/uploads\/referenzen11.jpg\" target=\"_blank\" rel=\"noopener\"><img loading=\"lazy\" decoding=\"async\" width=\"1000\" height=\"667\" data-id=\"283\" src=\"https:\/\/neptun-freizeitanlagen.de\/Pool-Sauna-Teich\/wp-content\/uploads\/referenzen11.jpg\" alt=\"\" class=\"wp-image-283\" srcset=\"https:\/\/neptun-freizeitanlagen.de\/Pool-Sauna-Teich\/wp-content\/uploads\/referenzen11.jpg 1000w, https:\/\/neptun-freizeitanlagen.de\/Pool-Sauna-Teich\/wp-content\/uploads\/referenzen11-300x200.jpg 300w, https:\/\/neptun-freizeitanlagen.de\/Pool-Sauna-Teich\/wp-content\/uploads\/referenzen11-768x512.jpg 768w\" sizes=\"auto, (max-width: 1000px) 100vw, 1000px\" \/><\/a><\/figure>\n\n\n\n<figure class=\"wp-block-image size-large\"><a href=\"https:\/\/neptun-freizeitanlagen.de\/Pool-Sauna-Teich\/wp-content\/uploads\/referenzen12.jpg\" target=\"_blank\" rel=\"noopener\"><img loading=\"lazy\" decoding=\"async\" width=\"1000\" height=\"667\" data-id=\"284\" src=\"https:\/\/neptun-freizeitanlagen.de\/Pool-Sauna-Teich\/wp-content\/uploads\/referenzen12.jpg\" alt=\"\" class=\"wp-image-284\" srcset=\"https:\/\/neptun-freizeitanlagen.de\/Pool-Sauna-Teich\/wp-content\/uploads\/referenzen12.jpg 1000w, https:\/\/neptun-freizeitanlagen.de\/Pool-Sauna-Teich\/wp-content\/uploads\/referenzen12-300x200.jpg 300w, https:\/\/neptun-freizeitanlagen.de\/Pool-Sauna-Teich\/wp-content\/uploads\/referenzen12-768x512.jpg 768w\" sizes=\"auto, (max-width: 1000px) 100vw, 1000px\" \/><\/a><\/figure>\n\n\n\n<figure class=\"wp-block-image size-large\"><a href=\"https:\/\/neptun-freizeitanlagen.de\/Pool-Sauna-Teich\/wp-content\/uploads\/referenzen13.jpg\" target=\"_blank\" rel=\"noopener\"><img loading=\"lazy\" decoding=\"async\" width=\"1000\" height=\"667\" data-id=\"285\" src=\"https:\/\/neptun-freizeitanlagen.de\/Pool-Sauna-Teich\/wp-content\/uploads\/referenzen13.jpg\" alt=\"\" class=\"wp-image-285\" srcset=\"https:\/\/neptun-freizeitanlagen.de\/Pool-Sauna-Teich\/wp-content\/uploads\/referenzen13.jpg 1000w, https:\/\/neptun-freizeitanlagen.de\/Pool-Sauna-Teich\/wp-content\/uploads\/referenzen13-300x200.jpg 300w, https:\/\/neptun-freizeitanlagen.de\/Pool-Sauna-Teich\/wp-content\/uploads\/referenzen13-768x512.jpg 768w\" sizes=\"auto, (max-width: 1000px) 100vw, 1000px\" \/><\/a><\/figure>\n\n\n\n<figure class=\"wp-block-image size-large\"><a href=\"https:\/\/neptun-freizeitanlagen.de\/Pool-Sauna-Teich\/wp-content\/uploads\/referenzen14.jpg\" target=\"_blank\" rel=\"noopener\"><img loading=\"lazy\" decoding=\"async\" width=\"1000\" height=\"667\" data-id=\"286\" src=\"https:\/\/neptun-freizeitanlagen.de\/Pool-Sauna-Teich\/wp-content\/uploads\/referenzen14.jpg\" alt=\"\" class=\"wp-image-286\" srcset=\"https:\/\/neptun-freizeitanlagen.de\/Pool-Sauna-Teich\/wp-content\/uploads\/referenzen14.jpg 1000w, https:\/\/neptun-freizeitanlagen.de\/Pool-Sauna-Teich\/wp-content\/uploads\/referenzen14-300x200.jpg 300w, https:\/\/neptun-freizeitanlagen.de\/Pool-Sauna-Teich\/wp-content\/uploads\/referenzen14-768x512.jpg 768w\" sizes=\"auto, (max-width: 1000px) 100vw, 1000px\" \/><\/a><\/figure>\n\n\n\n<figure class=\"wp-block-image size-large\"><a href=\"https:\/\/neptun-freizeitanlagen.de\/Pool-Sauna-Teich\/wp-content\/uploads\/referenzen15.jpg\" target=\"_blank\" rel=\"noopener\"><img loading=\"lazy\" decoding=\"async\" width=\"1000\" height=\"667\" data-id=\"287\" src=\"https:\/\/neptun-freizeitanlagen.de\/Pool-Sauna-Teich\/wp-content\/uploads\/referenzen15.jpg\" alt=\"\" class=\"wp-image-287\" srcset=\"https:\/\/neptun-freizeitanlagen.de\/Pool-Sauna-Teich\/wp-content\/uploads\/referenzen15.jpg 1000w, https:\/\/neptun-freizeitanlagen.de\/Pool-Sauna-Teich\/wp-content\/uploads\/referenzen15-300x200.jpg 300w, https:\/\/neptun-freizeitanlagen.de\/Pool-Sauna-Teich\/wp-content\/uploads\/referenzen15-768x512.jpg 768w\" sizes=\"auto, (max-width: 1000px) 100vw, 1000px\" \/><\/a><\/figure>\n\n\n\n<figure class=\"wp-block-image size-large\"><a href=\"https:\/\/neptun-freizeitanlagen.de\/Pool-Sauna-Teich\/wp-content\/uploads\/referenzen16.jpg\" target=\"_blank\" rel=\"noopener\"><img loading=\"lazy\" decoding=\"async\" width=\"1000\" height=\"667\" data-id=\"288\" src=\"https:\/\/neptun-freizeitanlagen.de\/Pool-Sauna-Teich\/wp-content\/uploads\/referenzen16.jpg\" alt=\"\" class=\"wp-image-288\" srcset=\"https:\/\/neptun-freizeitanlagen.de\/Pool-Sauna-Teich\/wp-content\/uploads\/referenzen16.jpg 1000w, https:\/\/neptun-freizeitanlagen.de\/Pool-Sauna-Teich\/wp-content\/uploads\/referenzen16-300x200.jpg 300w, https:\/\/neptun-freizeitanlagen.de\/Pool-Sauna-Teich\/wp-content\/uploads\/referenzen16-768x512.jpg 768w\" sizes=\"auto, (max-width: 1000px) 100vw, 1000px\" \/><\/a><\/figure>\n\n\n\n<figure class=\"wp-block-image size-large\"><a href=\"https:\/\/neptun-freizeitanlagen.de\/Pool-Sauna-Teich\/wp-content\/uploads\/referenzen17.jpg\" target=\"_blank\" rel=\"noopener\"><img loading=\"lazy\" decoding=\"async\" width=\"1000\" height=\"667\" data-id=\"289\" src=\"https:\/\/neptun-freizeitanlagen.de\/Pool-Sauna-Teich\/wp-content\/uploads\/referenzen17.jpg\" alt=\"\" class=\"wp-image-289\" srcset=\"https:\/\/neptun-freizeitanlagen.de\/Pool-Sauna-Teich\/wp-content\/uploads\/referenzen17.jpg 1000w, https:\/\/neptun-freizeitanlagen.de\/Pool-Sauna-Teich\/wp-content\/uploads\/referenzen17-300x200.jpg 300w, https:\/\/neptun-freizeitanlagen.de\/Pool-Sauna-Teich\/wp-content\/uploads\/referenzen17-768x512.jpg 768w\" sizes=\"auto, (max-width: 1000px) 100vw, 1000px\" \/><\/a><\/figure>\n\n\n\n<figure class=\"wp-block-image size-large\"><a href=\"https:\/\/neptun-freizeitanlagen.de\/Pool-Sauna-Teich\/wp-content\/uploads\/referenzen08.jpg\" target=\"_blank\" rel=\"noopener\"><img loading=\"lazy\" decoding=\"async\" width=\"1000\" height=\"667\" data-id=\"280\" src=\"https:\/\/neptun-freizeitanlagen.de\/Pool-Sauna-Teich\/wp-content\/uploads\/referenzen08.jpg\" alt=\"\" class=\"wp-image-280\" srcset=\"https:\/\/neptun-freizeitanlagen.de\/Pool-Sauna-Teich\/wp-content\/uploads\/referenzen08.jpg 1000w, https:\/\/neptun-freizeitanlagen.de\/Pool-Sauna-Teich\/wp-content\/uploads\/referenzen08-300x200.jpg 300w, https:\/\/neptun-freizeitanlagen.de\/Pool-Sauna-Teich\/wp-content\/uploads\/referenzen08-768x512.jpg 768w\" sizes=\"auto, (max-width: 1000px) 100vw, 1000px\" \/><\/a><\/figure>\n\n\n\n<figure class=\"wp-block-image size-large\"><a href=\"https:\/\/neptun-freizeitanlagen.de\/Pool-Sauna-Teich\/wp-content\/uploads\/referenzen07.jpg\" target=\"_blank\" rel=\"noopener\"><img loading=\"lazy\" decoding=\"async\" width=\"1000\" height=\"667\" data-id=\"279\" src=\"https:\/\/neptun-freizeitanlagen.de\/Pool-Sauna-Teich\/wp-content\/uploads\/referenzen07.jpg\" alt=\"\" class=\"wp-image-279\" srcset=\"https:\/\/neptun-freizeitanlagen.de\/Pool-Sauna-Teich\/wp-content\/uploads\/referenzen07.jpg 1000w, https:\/\/neptun-freizeitanlagen.de\/Pool-Sauna-Teich\/wp-content\/uploads\/referenzen07-300x200.jpg 300w, https:\/\/neptun-freizeitanlagen.de\/Pool-Sauna-Teich\/wp-content\/uploads\/referenzen07-768x512.jpg 768w\" sizes=\"auto, (max-width: 1000px) 100vw, 1000px\" \/><\/a><\/figure>\n\n\n\n<figure class=\"wp-block-image size-large\"><a href=\"https:\/\/neptun-freizeitanlagen.de\/Pool-Sauna-Teich\/wp-content\/uploads\/referenzen06.jpg\" target=\"_blank\" rel=\"noopener\"><img loading=\"lazy\" decoding=\"async\" width=\"1000\" height=\"667\" data-id=\"278\" src=\"https:\/\/neptun-freizeitanlagen.de\/Pool-Sauna-Teich\/wp-content\/uploads\/referenzen06.jpg\" alt=\"\" class=\"wp-image-278\" srcset=\"https:\/\/neptun-freizeitanlagen.de\/Pool-Sauna-Teich\/wp-content\/uploads\/referenzen06.jpg 1000w, https:\/\/neptun-freizeitanlagen.de\/Pool-Sauna-Teich\/wp-content\/uploads\/referenzen06-300x200.jpg 300w, https:\/\/neptun-freizeitanlagen.de\/Pool-Sauna-Teich\/wp-content\/uploads\/referenzen06-768x512.jpg 768w\" sizes=\"auto, (max-width: 1000px) 100vw, 1000px\" \/><\/a><\/figure>\n\n\n\n<figure class=\"wp-block-image size-large\"><a href=\"https:\/\/neptun-freizeitanlagen.de\/Pool-Sauna-Teich\/wp-content\/uploads\/referenzen05.jpg\" target=\"_blank\" rel=\"noopener\"><img loading=\"lazy\" decoding=\"async\" width=\"1000\" height=\"667\" data-id=\"277\" src=\"https:\/\/neptun-freizeitanlagen.de\/Pool-Sauna-Teich\/wp-content\/uploads\/referenzen05.jpg\" alt=\"\" class=\"wp-image-277\" srcset=\"https:\/\/neptun-freizeitanlagen.de\/Pool-Sauna-Teich\/wp-content\/uploads\/referenzen05.jpg 1000w, https:\/\/neptun-freizeitanlagen.de\/Pool-Sauna-Teich\/wp-content\/uploads\/referenzen05-300x200.jpg 300w, https:\/\/neptun-freizeitanlagen.de\/Pool-Sauna-Teich\/wp-content\/uploads\/referenzen05-768x512.jpg 768w\" sizes=\"auto, (max-width: 1000px) 100vw, 1000px\" \/><\/a><\/figure>\n\n\n\n<figure class=\"wp-block-image size-large\"><a href=\"https:\/\/neptun-freizeitanlagen.de\/Pool-Sauna-Teich\/wp-content\/uploads\/referenzen04.jpg\" target=\"_blank\" rel=\"noopener\"><img loading=\"lazy\" decoding=\"async\" width=\"1000\" height=\"667\" data-id=\"276\" src=\"https:\/\/neptun-freizeitanlagen.de\/Pool-Sauna-Teich\/wp-content\/uploads\/referenzen04.jpg\" alt=\"\" class=\"wp-image-276\" srcset=\"https:\/\/neptun-freizeitanlagen.de\/Pool-Sauna-Teich\/wp-content\/uploads\/referenzen04.jpg 1000w, https:\/\/neptun-freizeitanlagen.de\/Pool-Sauna-Teich\/wp-content\/uploads\/referenzen04-300x200.jpg 300w, https:\/\/neptun-freizeitanlagen.de\/Pool-Sauna-Teich\/wp-content\/uploads\/referenzen04-768x512.jpg 768w\" sizes=\"auto, (max-width: 1000px) 100vw, 1000px\" \/><\/a><\/figure>\n\n\n\n<figure class=\"wp-block-image size-large\"><a href=\"https:\/\/neptun-freizeitanlagen.de\/Pool-Sauna-Teich\/wp-content\/uploads\/referenzen03.jpg\" target=\"_blank\" rel=\"noopener\"><img loading=\"lazy\" decoding=\"async\" width=\"1000\" height=\"667\" data-id=\"275\" src=\"https:\/\/neptun-freizeitanlagen.de\/Pool-Sauna-Teich\/wp-content\/uploads\/referenzen03.jpg\" alt=\"\" class=\"wp-image-275\" srcset=\"https:\/\/neptun-freizeitanlagen.de\/Pool-Sauna-Teich\/wp-content\/uploads\/referenzen03.jpg 1000w, https:\/\/neptun-freizeitanlagen.de\/Pool-Sauna-Teich\/wp-content\/uploads\/referenzen03-300x200.jpg 300w, https:\/\/neptun-freizeitanlagen.de\/Pool-Sauna-Teich\/wp-content\/uploads\/referenzen03-768x512.jpg 768w\" sizes=\"auto, (max-width: 1000px) 100vw, 1000px\" \/><\/a><\/figure>\n\n\n\n<figure class=\"wp-block-image size-large\"><a href=\"https:\/\/neptun-freizeitanlagen.de\/Pool-Sauna-Teich\/wp-content\/uploads\/referenzen02.jpg\" target=\"_blank\" rel=\"noopener\"><img loading=\"lazy\" decoding=\"async\" width=\"1000\" height=\"667\" data-id=\"274\" src=\"https:\/\/neptun-freizeitanlagen.de\/Pool-Sauna-Teich\/wp-content\/uploads\/referenzen02.jpg\" alt=\"\" class=\"wp-image-274\" srcset=\"https:\/\/neptun-freizeitanlagen.de\/Pool-Sauna-Teich\/wp-content\/uploads\/referenzen02.jpg 1000w, https:\/\/neptun-freizeitanlagen.de\/Pool-Sauna-Teich\/wp-content\/uploads\/referenzen02-300x200.jpg 300w, https:\/\/neptun-freizeitanlagen.de\/Pool-Sauna-Teich\/wp-content\/uploads\/referenzen02-768x512.jpg 768w\" sizes=\"auto, (max-width: 1000px) 100vw, 1000px\" \/><\/a><\/figure>\n\n\n\n<figure class=\"wp-block-image size-large\"><a href=\"https:\/\/neptun-freizeitanlagen.de\/Pool-Sauna-Teich\/wp-content\/uploads\/referenzen01.jpg\" target=\"_blank\" rel=\"noopener\"><img loading=\"lazy\" decoding=\"async\" width=\"1000\" height=\"667\" data-id=\"273\" src=\"https:\/\/neptun-freizeitanlagen.de\/Pool-Sauna-Teich\/wp-content\/uploads\/referenzen01.jpg\" alt=\"\" class=\"wp-image-273\" srcset=\"https:\/\/neptun-freizeitanlagen.de\/Pool-Sauna-Teich\/wp-content\/uploads\/referenzen01.jpg 1000w, https:\/\/neptun-freizeitanlagen.de\/Pool-Sauna-Teich\/wp-content\/uploads\/referenzen01-300x200.jpg 300w, https:\/\/neptun-freizeitanlagen.de\/Pool-Sauna-Teich\/wp-content\/uploads\/referenzen01-768x512.jpg 768w\" sizes=\"auto, (max-width: 1000px) 100vw, 1000px\" \/><\/a><\/figure>\n\n\n\n<figure class=\"wp-block-image size-large\"><a href=\"https:\/\/neptun-freizeitanlagen.de\/Pool-Sauna-Teich\/wp-content\/uploads\/Sylt-3.jpg\" target=\"_blank\" rel=\"noopener\"><img loading=\"lazy\" decoding=\"async\" width=\"1024\" height=\"665\" data-id=\"311\" src=\"https:\/\/neptun-freizeitanlagen.de\/Pool-Sauna-Teich\/wp-content\/uploads\/Sylt-3-1024x665.jpg\" alt=\"\" class=\"wp-image-311\" srcset=\"https:\/\/neptun-freizeitanlagen.de\/Pool-Sauna-Teich\/wp-content\/uploads\/Sylt-3-1024x665.jpg 1024w, https:\/\/neptun-freizeitanlagen.de\/Pool-Sauna-Teich\/wp-content\/uploads\/Sylt-3-300x195.jpg 300w, https:\/\/neptun-freizeitanlagen.de\/Pool-Sauna-Teich\/wp-content\/uploads\/Sylt-3-768x499.jpg 768w, https:\/\/neptun-freizeitanlagen.de\/Pool-Sauna-Teich\/wp-content\/uploads\/Sylt-3.jpg 1217w\" sizes=\"auto, (max-width: 1024px) 100vw, 1024px\" \/><\/a><\/figure>\n\n\n\n<figure class=\"wp-block-image size-large\"><a href=\"https:\/\/neptun-freizeitanlagen.de\/Pool-Sauna-Teich\/wp-content\/uploads\/Mallorca-1.jpg\" target=\"_blank\" rel=\"noopener\"><img loading=\"lazy\" decoding=\"async\" width=\"1024\" height=\"667\" data-id=\"312\" src=\"https:\/\/neptun-freizeitanlagen.de\/Pool-Sauna-Teich\/wp-content\/uploads\/Mallorca-1-1024x667.jpg\" alt=\"\" class=\"wp-image-312\" srcset=\"https:\/\/neptun-freizeitanlagen.de\/Pool-Sauna-Teich\/wp-content\/uploads\/Mallorca-1-1024x667.jpg 1024w, https:\/\/neptun-freizeitanlagen.de\/Pool-Sauna-Teich\/wp-content\/uploads\/Mallorca-1-300x195.jpg 300w, https:\/\/neptun-freizeitanlagen.de\/Pool-Sauna-Teich\/wp-content\/uploads\/Mallorca-1-768x500.jpg 768w, https:\/\/neptun-freizeitanlagen.de\/Pool-Sauna-Teich\/wp-content\/uploads\/Mallorca-1.jpg 1280w\" sizes=\"auto, (max-width: 1024px) 100vw, 1024px\" \/><\/a><\/figure>\n<\/figure>\n","protected":false},"excerpt":{"rendered":"<p>und Referenzen unserer bisherigen Projekte \u00dcberzeugen Sie sich von unserer Ideenvielfalt und Kreativit\u00e4t anhand von unseren bisherigen durchgef\u00fchrten Arbeiten. Vielleicht sind Sie auch bald gl\u00fccklicher Besitzer Ihrer neuen Wolf\u00fchl-Oase.<\/p>\n","protected":false},"author":1,"featured_media":0,"parent":0,"menu_order":70,"comment_status":"closed","ping_status":"closed","template":"","meta":{"footnotes":""},"class_list":["post-27","page","type-page","status-publish","hentry"],"_links":{"self":[{"href":"https:\/\/neptun-freizeitanlagen.de\/Pool-Sauna-Teich\/wp-json\/wp\/v2\/pages\/27","targetHints":{"allow":["GET"]}}],"collection":[{"href":"https:\/\/neptun-freizeitanlagen.de\/Pool-Sauna-Teich\/wp-json\/wp\/v2\/pages"}],"about":[{"href":"https:\/\/neptun-freizeitanlagen.de\/Pool-Sauna-Teich\/wp-json\/wp\/v2\/types\/page"}],"author":[{"embeddable":true,"href":"https:\/\/neptun-freizeitanlagen.de\/Pool-Sauna-Teich\/wp-json\/wp\/v2\/users\/1"}],"replies":[{"embeddable":true,"href":"https:\/\/neptun-freizeitanlagen.de\/Pool-Sauna-Teich\/wp-json\/wp\/v2\/comments?post=27"}],"version-history":[{"count":8,"href":"https:\/\/neptun-freizeitanlagen.de\/Pool-Sauna-Teich\/wp-json\/wp\/v2\/pages\/27\/revisions"}],"predecessor-version":[{"id":491,"href":"https:\/\/neptun-freizeitanlagen.de\/Pool-Sauna-Teich\/wp-json\/wp\/v2\/pages\/27\/revisions\/491"}],"wp:attachment":[{"href":"https:\/\/neptun-freizeitanlagen.de\/Pool-Sauna-Teich\/wp-json\/wp\/v2\/media?parent=27"}],"curies":[{"name":"wp","href":"https:\/\/api.w.org\/{rel}","templated":true}]}}